{"id":81,"date":"2020-03-02T15:12:55","date_gmt":"2020-03-02T14:12:55","guid":{"rendered":"https:\/\/www.housuvmlyn.cz\/?post_type=reference&#038;p=81"},"modified":"2022-07-13T13:23:32","modified_gmt":"2022-07-13T11:23:32","slug":"freud-serial-2020","status":"publish","type":"reference","link":"https:\/\/www.housuvmlyn.cz\/de\/referenz\/freud-serial-2020\/","title":{"rendered":"Freud (seri\u00e1l, 2020)"},"content":{"rendered":"<p>\u017eivotopisn\u00fd seri\u00e1l<br \/>\nProdukce: Heinrich Ambrosch, Dr. Sonja Hofmann, Jan S. Kaiser, Moritz Polter, Kai Finke<br \/>\nRe\u017eie: Marvin Kren<br \/>\nObsazen\u00ed: Robert Finster, Georg Friedrich, Christoph F. Krutzler, Ella Rumpf, Mercedes M\u00fcller, Rainer Bock, Xaver Hutter a&nbsp;dal\u0161\u00ed<\/p>","protected":false},"featured_media":82,"template":"","zanr":[17],"top_reference":[64],"class_list":["post-81","reference","type-reference","status-publish","has-post-thumbnail","hentry","zanr-film","top_reference-top"],"acf":[],"_links":{"self":[{"href":"https:\/\/www.housuvmlyn.cz\/de\/wp-json\/wp\/v2\/reference\/81","targetHints":{"allow":["GET"]}}],"collection":[{"href":"https:\/\/www.housuvmlyn.cz\/de\/wp-json\/wp\/v2\/reference"}],"about":[{"href":"https:\/\/www.housuvmlyn.cz\/de\/wp-json\/wp\/v2\/types\/reference"}],"wp:featuredmedia":[{"embeddable":true,"href":"https:\/\/www.housuvmlyn.cz\/de\/wp-json\/wp\/v2\/media\/82"}],"wp:attachment":[{"href":"https:\/\/www.housuvmlyn.cz\/de\/wp-json\/wp\/v2\/media?parent=81"}],"wp:term":[{"taxonomy":"zanr","embeddable":true,"href":"https:\/\/www.housuvmlyn.cz\/de\/wp-json\/wp\/v2\/zanr?post=81"},{"taxonomy":"top_reference","embeddable":true,"href":"https:\/\/www.housuvmlyn.cz\/de\/wp-json\/wp\/v2\/top_reference?post=81"}],"curies":[{"name":"wp","href":"https:\/\/api.w.org\/{rel}","templated":true}]}}

Freud (seriál, 2020)

<p>životopisný seriál<br />
Produkce: Heinrich Ambrosch, Dr. Sonja Hofmann, Jan S. Kaiser, Moritz Polter, Kai Finke<br />
Režie: Marvin Kren<br />
Obsazení: Robert Finster, Georg Friedrich, Christoph F. Krutzler, Ella Rumpf, Mercedes Müller, Rainer Bock, Xaver Hutter a&nbsp;další</p>
