{"id":97,"date":"2018-03-02T15:33:49","date_gmt":"2018-03-02T14:33:49","guid":{"rendered":"https:\/\/www.housuvmlyn.cz\/?post_type=reference&#038;p=97"},"modified":"2022-07-13T13:24:47","modified_gmt":"2022-07-13T11:24:47","slug":"the-nun-2018","status":"publish","type":"reference","link":"https:\/\/www.housuvmlyn.cz\/de\/referenz\/the-nun-2018\/","title":{"rendered":"The Nun (2018)"},"content":{"rendered":"<p>Horor\/Mysteriozn\u00ed\/Thriller<br \/>\nProdukce: USA<br \/>\nRe\u017eie: Corin Hardy<br \/>\nSc\u00e9n\u00e1\u0159: Gary Dauberman, James Wan<br \/>\nKamera: Maxime Alexandre<br \/>\nHraj\u00ed: Demian Bichir, Taissa Farmiga, Jonas Bloquet a&nbsp;dal\u0161\u00ed<\/p>","protected":false},"featured_media":98,"template":"","zanr":[17],"top_reference":[64],"class_list":["post-97","reference","type-reference","status-publish","has-post-thumbnail","hentry","zanr-film","top_reference-top"],"acf":[],"_links":{"self":[{"href":"https:\/\/www.housuvmlyn.cz\/de\/wp-json\/wp\/v2\/reference\/97","targetHints":{"allow":["GET"]}}],"collection":[{"href":"https:\/\/www.housuvmlyn.cz\/de\/wp-json\/wp\/v2\/reference"}],"about":[{"href":"https:\/\/www.housuvmlyn.cz\/de\/wp-json\/wp\/v2\/types\/reference"}],"wp:featuredmedia":[{"embeddable":true,"href":"https:\/\/www.housuvmlyn.cz\/de\/wp-json\/wp\/v2\/media\/98"}],"wp:attachment":[{"href":"https:\/\/www.housuvmlyn.cz\/de\/wp-json\/wp\/v2\/media?parent=97"}],"wp:term":[{"taxonomy":"zanr","embeddable":true,"href":"https:\/\/www.housuvmlyn.cz\/de\/wp-json\/wp\/v2\/zanr?post=97"},{"taxonomy":"top_reference","embeddable":true,"href":"https:\/\/www.housuvmlyn.cz\/de\/wp-json\/wp\/v2\/top_reference?post=97"}],"curies":[{"name":"wp","href":"https:\/\/api.w.org\/{rel}","templated":true}]}}

<p>Horor/Mysteriozní/Thriller<br />
Produkce: USA<br />
Režie: Corin Hardy<br />
Scénář: Gary Dauberman, James Wan<br />
Kamera: Maxime Alexandre<br />
Hrají: Demian Bichir, Taissa Farmiga, Jonas Bloquet a&nbsp;další</p>
