{"id":103,"date":"2017-03-02T15:45:25","date_gmt":"2017-03-02T14:45:25","guid":{"rendered":"https:\/\/www.housuvmlyn.cz\/?post_type=reference&#038;p=103"},"modified":"2022-07-13T13:25:20","modified_gmt":"2022-07-13T11:25:20","slug":"charite-serial-2017","status":"publish","type":"reference","link":"https:\/\/www.housuvmlyn.cz\/en\/reference\/charite-serial-2017\/","title":{"rendered":"Charit\u00e9 (seri\u00e1l, 2017)"},"content":{"rendered":"<p>Drama\/Historick\u00fd<br \/>\nProdukce: N\u011bmecko<br \/>\nRe\u017eie: S\u00f6nke Wortmann<br \/>\nSc\u00e9n\u00e1\u0159: Dorothee Sch\u00f6n, Sabine Thor-Wiedemann<br \/>\nKamera: Holly Fink<br \/>\nHudba: Martin Lingnau, Ingmar S\u00fcberkr\u00fcb<br \/>\nHraj\u00ed: Alicia von Rittberg, Christoph Bach, Justus von Dohn\u00e1nyi a&nbsp;dal\u0161\u00ed<\/p>","protected":false},"featured_media":104,"template":"","zanr":[17],"top_reference":[64],"class_list":["post-103","reference","type-reference","status-publish","has-post-thumbnail","hentry","zanr-film","top_reference-top"],"acf":[],"_links":{"self":[{"href":"https:\/\/www.housuvmlyn.cz\/en\/wp-json\/wp\/v2\/reference\/103","targetHints":{"allow":["GET"]}}],"collection":[{"href":"https:\/\/www.housuvmlyn.cz\/en\/wp-json\/wp\/v2\/reference"}],"about":[{"href":"https:\/\/www.housuvmlyn.cz\/en\/wp-json\/wp\/v2\/types\/reference"}],"wp:featuredmedia":[{"embeddable":true,"href":"https:\/\/www.housuvmlyn.cz\/en\/wp-json\/wp\/v2\/media\/104"}],"wp:attachment":[{"href":"https:\/\/www.housuvmlyn.cz\/en\/wp-json\/wp\/v2\/media?parent=103"}],"wp:term":[{"taxonomy":"zanr","embeddable":true,"href":"https:\/\/www.housuvmlyn.cz\/en\/wp-json\/wp\/v2\/zanr?post=103"},{"taxonomy":"top_reference","embeddable":true,"href":"https:\/\/www.housuvmlyn.cz\/en\/wp-json\/wp\/v2\/top_reference?post=103"}],"curies":[{"name":"wp","href":"https:\/\/api.w.org\/{rel}","templated":true}]}}

Charité (seriál, 2017)

<p>Drama/Historický<br />
Produkce: Německo<br />
Režie: Sönke Wortmann<br />
Scénář: Dorothee Schön, Sabine Thor-Wiedemann<br />
Kamera: Holly Fink<br />
Hudba: Martin Lingnau, Ingmar Süberkrüb<br />
Hrají: Alicia von Rittberg, Christoph Bach, Justus von Dohnányi a&nbsp;další</p>
