{"id":105,"date":"2017-03-02T15:48:13","date_gmt":"2017-03-02T14:48:13","guid":{"rendered":"https:\/\/www.housuvmlyn.cz\/?post_type=reference&#038;p=105"},"modified":"2022-07-13T13:25:17","modified_gmt":"2022-07-13T11:25:17","slug":"krizacek-2017","status":"publish","type":"reference","link":"https:\/\/www.housuvmlyn.cz\/en\/reference\/krizacek-2017\/","title":{"rendered":"K\u0159i\u017e\u00e1\u010dek (2017)"},"content":{"rendered":"<p>Drama\/Historick\u00fd<br \/>\nProdukce: \u010cesko<br \/>\nRe\u017eie: V\u00e1clav Kadrnka<br \/>\nP\u0159edloha: Jaroslav Vrchlick\u00fd<br \/>\nSc\u00e9n\u00e1\u0159: V\u00e1clav Kadrnka, Ji\u0159\u00ed Soukup, Vojt\u011bch Ma\u0161ek<br \/>\nKamera: Jan Baset St\u0159\u00edte\u017esk\u00fd<br \/>\nHudba: Irena Havlov\u00e1, Vojt\u011bch Havel<br \/>\nHraj\u00ed: Karel Roden, Ale\u0161 B\u00edl\u00edk, Matou\u0161 John a&nbsp;dal\u0161\u00ed<\/p>","protected":false},"featured_media":106,"template":"","zanr":[17],"top_reference":[],"class_list":["post-105","reference","type-reference","status-publish","has-post-thumbnail","hentry","zanr-film"],"acf":[],"_links":{"self":[{"href":"https:\/\/www.housuvmlyn.cz\/en\/wp-json\/wp\/v2\/reference\/105","targetHints":{"allow":["GET"]}}],"collection":[{"href":"https:\/\/www.housuvmlyn.cz\/en\/wp-json\/wp\/v2\/reference"}],"about":[{"href":"https:\/\/www.housuvmlyn.cz\/en\/wp-json\/wp\/v2\/types\/reference"}],"wp:featuredmedia":[{"embeddable":true,"href":"https:\/\/www.housuvmlyn.cz\/en\/wp-json\/wp\/v2\/media\/106"}],"wp:attachment":[{"href":"https:\/\/www.housuvmlyn.cz\/en\/wp-json\/wp\/v2\/media?parent=105"}],"wp:term":[{"taxonomy":"zanr","embeddable":true,"href":"https:\/\/www.housuvmlyn.cz\/en\/wp-json\/wp\/v2\/zanr?post=105"},{"taxonomy":"top_reference","embeddable":true,"href":"https:\/\/www.housuvmlyn.cz\/en\/wp-json\/wp\/v2\/top_reference?post=105"}],"curies":[{"name":"wp","href":"https:\/\/api.w.org\/{rel}","templated":true}]}}

Křižáček (2017)

<p>Drama/Historický<br />
Produkce: Česko<br />
Režie: Václav Kadrnka<br />
Předloha: Jaroslav Vrchlický<br />
Scénář: Václav Kadrnka, Jiří Soukup, Vojtěch Mašek<br />
Kamera: Jan Baset Střítežský<br />
Hudba: Irena Havlová, Vojtěch Havel<br />
Hrají: Karel Roden, Aleš Bílík, Matouš John a&nbsp;další</p>
