{"id":77,"date":"2020-03-02T15:09:17","date_gmt":"2020-03-02T14:09:17","guid":{"rendered":"https:\/\/www.housuvmlyn.cz\/?post_type=reference&#038;p=77"},"modified":"2022-07-13T13:24:03","modified_gmt":"2022-07-13T11:24:03","slug":"marie-terezie-ii-miniserie-2020","status":"publish","type":"reference","link":"https:\/\/www.housuvmlyn.cz\/en\/reference\/marie-terezie-ii-miniserie-2020\/","title":{"rendered":"Marie Terezie II. (minis\u00e9rie, 2020)"},"content":{"rendered":"<p>historick\u00e9 drama<br \/>\nProducent: \u010cT (CZ), ORF (A), MTVA (HU), RTVS (SR)<br \/>\nRe\u017eie: Robert Dornhelm<br \/>\nObsazen\u00ed: Stefanie Reinsperger, Vojt\u011bch Kotek, Zuzana Stiv\u00ednov\u00e1, T\u00e1\u0148a Pauhofov\u00e1, Zuzana Maur\u00e9ry, David \u0160vehl\u00edk, Lenka Vlas\u00e1kov\u00e1 a&nbsp;dal\u0161\u00ed<\/p>","protected":false},"featured_media":78,"template":"","zanr":[17],"top_reference":[],"class_list":["post-77","reference","type-reference","status-publish","has-post-thumbnail","hentry","zanr-film"],"acf":[],"_links":{"self":[{"href":"https:\/\/www.housuvmlyn.cz\/en\/wp-json\/wp\/v2\/reference\/77","targetHints":{"allow":["GET"]}}],"collection":[{"href":"https:\/\/www.housuvmlyn.cz\/en\/wp-json\/wp\/v2\/reference"}],"about":[{"href":"https:\/\/www.housuvmlyn.cz\/en\/wp-json\/wp\/v2\/types\/reference"}],"wp:featuredmedia":[{"embeddable":true,"href":"https:\/\/www.housuvmlyn.cz\/en\/wp-json\/wp\/v2\/media\/78"}],"wp:attachment":[{"href":"https:\/\/www.housuvmlyn.cz\/en\/wp-json\/wp\/v2\/media?parent=77"}],"wp:term":[{"taxonomy":"zanr","embeddable":true,"href":"https:\/\/www.housuvmlyn.cz\/en\/wp-json\/wp\/v2\/zanr?post=77"},{"taxonomy":"top_reference","embeddable":true,"href":"https:\/\/www.housuvmlyn.cz\/en\/wp-json\/wp\/v2\/top_reference?post=77"}],"curies":[{"name":"wp","href":"https:\/\/api.w.org\/{rel}","templated":true}]}}

Marie Terezie II. (minisérie, 2020)

<p>historické drama<br />
Producent: ČT (CZ), ORF (A), MTVA (HU), RTVS (SR)<br />
Režie: Robert Dornhelm<br />
Obsazení: Stefanie Reinsperger, Vojtěch Kotek, Zuzana Stivínová, Táňa Pauhofová, Zuzana Mauréry, David Švehlík, Lenka Vlasáková a&nbsp;další</p>
